*c - 4 - 2. Suppose -5*v + 482 + c = 0. Is v composite?
False
Let t be 14/49 - 10/(-14). Suppose 0 = -2*h + 4*h + w + t, 4*h - 3*w = 23. Suppose z + 642 = 4*s, -h*s = 3*s + 4*z - 813. Is s a prime number?
False
Let q be -5 - -3 - (31 - -1). Let n = q + 39. Suppose 0*l + 3855 = n*l. Is l composite?
True
Suppose 1 = l - 4*k + 7, 3*l + 2*k - 10 = 0. Suppose 2*x - 316 = l*o, o = 3*x + 6*o - 514. Is x prime?
True
Let o = 128 - -111. Is o a prime number?
True
Suppose 0 = -9*a + 6051 + 825. Suppose -100*b = -104*b + a. Is b a prime number?
True
Suppose 14 + 2 = 8*w. Is w/(-2)*3/(3/(-74)) a composite number?
True
Suppose 27*p - 23691 - 101508 = 0. Is p a prime number?
True
Let n(a) = -2*a**2 - 2*a - 1. Let o(i) = 5*i**2 + 5*i + 2. Let r(v) = -14*n(v) - 6*o(v). Let u be r(1). Is 3 - 5 - 7046/u a prime number?
False
Let s = 17 + 3. Suppose 0 = -7*a + 2*a + s. Suppose 25 = a*o - 59. Is o a composite number?
True
Let d(v) = 450*v + 113. Is d(49) a prime number?
False
Let c(j) = 240*j**2 + 28*j**2 + 2*j + 107*j**2 - 5. Is c(2) composite?
False
Suppose -4559 = -9*p + 10192. Is p a prime number?
False
Let n(z) be the third derivative of 11*z**5/5 - z**4/24 - 3*z**2. Is n(-1) a prime number?
False
Suppose -6*r - 6*r = -4152. Is r prime?
False
Suppose -m + 5*v - v = -205, -4*m - v + 854 = 0. Let o = 24 + m. Is o a composite number?
True
Let l(n) = 3*n + 31. Let j(q) = q + 16. Let y(m) = -11*j(m) + 6*l(m). Is y(11) prime?
False
Suppose 198868 + 211208 = 108*a. Is a a composite number?
False
Suppose -2*f - v + 7944 = 0, f + 19*v - 3963 = 14*v. Is f composite?
True
Suppose 4*d + 4*t - 6892 = 0, -d + 1739 = -4*t + t. Is d a composite number?
True
Suppose -33*m = 5*m - 479674. Is m composite?
True
Suppose 4*i + 34 = 4*j - 2*j, 3*j - 15 = 0. Let a = 10 + i. Suppose -a*s = -367 + 139. Is s a composite number?
True
Let n(c) = -c + 4*c**2 + 6*c + c**2 - 4*c**2. Let o be n(-5). Is 201 + ((-8)/(-4) - o) a prime number?
False
Let x be 120/(-36)*(-9)/5. Suppose 3*b - x*b + 456 = 0. Let z = b - -51. Is z a prime number?
False
Let n(z) be the third derivative of z**6/120 + 2*z**5/15 - z**4/4 - z**3 - 2*z**2. Let f be 110/(-16) - 14/112. Is n(f) a prime number?
False
Let k(h) = 3672*h + 2 - 3672*h - 3*h**3 - h**2. Is k(-4) composite?
True
Let v = -10719 - -16352. Is v composite?
True
Let s = 10 + -10. Let c(l) = -l**2 + 9*l - 6. Let n be c(6). Is n/20*(65 - s) a composite number?
True
Let p be 6*(567/2 + 3). Let q = 2392 + p. Is q a composite number?
False
Let h(k) = k**2 - 7*k - 2. Let i be h(5). Let f be (-2)/(-5)*(7 + i). Is ((-159)/6)/(f/4) prime?
True
Let f(o) = 4*o**3 + 1 - 5*o**3 + 2 - 4*o - 2*o**3. Let d be f(2). Let b = -7 - d. Is b a prime number?
False
Suppose -c = 5*f - 232, -11*c - 1241 = -16*c + 2*f. Is c composite?
True
Suppose 2*w + 3414 = 2*b, -4*b - w = -2*w - 6834. Is b composite?
False
Is ((-7)/35)/((-1)/36485) prime?
True
Let w(c) = -2*c + 15 + 11 - 19. Suppose 4*l + 43 = 15. Is w(l) a composite number?
True
Suppose 17 = 4*y - 7. Let g be (-58)/y*(9 + -6). Let h = 82 + g. Is h a prime number?
True
Let b = 89 + -87. Suppose b*m + 4049 = x, -4*x + 16205 = m - 0*m. Is x prime?
True
Let x = 3494 + -1397. Suppose -x = -13*b + 20432. Is b a composite number?
False
Suppose -4 = -3*l - 5*h + 10, -13 = -3*l - 4*h. Suppose l*m - 5*c = 889, -4*m - 4*c + 1178 = -7*c. Is m a composite number?
False
Suppose 0 = -6*f + 2*f + 40. Suppose 3*l + 25 = o + 6, 0 = -2*l - f. Suppose o*r - 4*v - 64 = 0, -4*r + 2*v = -v - 67. Is r composite?
False
Let y(v) = 2*v - 4*v + v + 3*v - 2 + 4*v**2 + v**3. Let k be y(-3). Is (121 + k - 3) + -1 prime?
False
Suppose -c - 4*p = -0*c - 2, 6 = 3*p. Let x be c*(-3 + 3/(-1)). Suppose 123 + x = 3*n. Is n a prime number?
True
Let g = -588 + 7909. Is g a prime number?
True
Let v(h) = 196*h**2 + 5*h - 49. Is v(-6) a prime number?
True
Is ((-7)/(-7)*-1)/(5/(-10475)) prime?
False
Let l be -1*(-3)/30*-4*-230. Let i = l - -777. Is i a prime number?
False
Suppose 2*s + l = 705, -352 = -s + 2*l - 3*l. Suppose -x = 3*y - 358, -3*y - y = x - s. Is x a prime number?
True
Suppose -3*v = 3*m - 9, m - 2 = 5*v - 5. Let h = 1 + v. Is -446*((-3)/3)/h a prime number?
True
Let w(u) be the first derivative of -10 + 0*u**2 + 64/3*u**3 - 3*u. Is w(2) composite?
True
Let b be ((-63)/6)/7*-4. Let t = 6 - b. Suppose -717 = -3*k + 5*d, t = 2*k - 3*d + d - 478. Is k a prime number?
True
Let r(j) = 95*j**2 - 6*j + 5 - 184*j**2 + 9*j**3 + 92*j**2. Is r(3) prime?
True
Let f(o) = o**3 + 16*o**2 - 46*o + 10. Is f(-12) composite?
True
Let o(h) = -5 + 10 - 136*h - 4*h - 61*h. Is o(-2) prime?
False
Let n = -104 + 276. Suppose 3*x = -n + 628. Suppose -x = 3*f - 4*f + 5*t, -2*f = -4*t - 274. Is f a composite number?
False
Suppose -1 + 10 = 3*f. Suppose k + 0*k - 2 = 0. Suppose 0 = -j - 4*r + 1156 - 257, -2725 = -f*j + k*r. Is j a composite number?
False
Let v = 19 + -21. Is (-17384)/(-16) + (-1)/v composite?
False
Let s(c) = 3*c**3 + 10*c**2 - 30*c + 20. Is s(9) composite?
True
Let s = -1352 - -2791. Is s a composite number?
False
Let f = -2 + 3. Let u be 0/f*(-1)/(-2). Suppose 0 = -5*p - 3*i + 6*i + 1087, u = 4*i + 16. Is p prime?
False
Let y(n) = -29*n - 48. Let d be y(-3). Suppose 2*v = -l + 6, -2*v + 5 - 3 = 3*l. Suppose -2*r + 235 = -v*b - d, -376 = -3*r - b. Is r a composite number?
False
Let y(v) = 5*v - 23. Let m be y(0). Let o(q) = -6*q + 9. Let p be o(-7). Let c = p - m. Is c composite?
True
Let z(k) = k**2 - 6*k - 7. Let v be z(8). Suppose 6 = -2*x + c, -c = 3*x - 2*c + v. Is 57 - (1 + 0 + x) a composite number?
False
Let h(t) = 1743*t**2 + 6*t + 11. Is h(4) prime?
False
Suppose -91876 = -2*r - 2*t, r - t - 27368 - 18580 = 0. Is r a prime number?
True
Let l(h) = 10*h + 36. Let f be l(6). Is (11852/(-6))/(-6 + f/18) composite?
False
Suppose -189 = -7*f - 0*f. Let y = f - 22. Suppose 0 = -y*p + 888 + 37. Is p a composite number?
True
Let y(o) = 80*o + 69. Let f(n) = -2*n + 29. Let s be f(0). Is y(s) a prime number?
True
Let y be 1*444 - 42/14. Suppose 0 = -q + u + 224, 5*u + 0*u - y = -2*q. Is q a prime number?
True
Suppose 3*r + 6 = 0, 3*x - 3*r - 3084 = 17619. Is x a prime number?
True
Let d = -1864 - -3225. Is d prime?
True
Is 4 - (-5114 + (11 - 4)) a prime number?
False
Let k(s) = s**3 + 38*s**2 + 24*s - 100. Is k(-23) a prime number?
True
Suppose 243*v - 249*v = -7206. Is v a prime number?
True
Let i = -2349 + 3972. Is i a prime number?
False
Suppose 364 = 4*t + 3*a - a, 5*t - 465 = -5*a. Let p = -112 + 88. Let k = p + t. Is k composite?
True
Is 3/2*(-13196)/(-6) prime?
True
Suppose 1120 + 175 = 5*r. Is r prime?
False
Suppose 0 = -14*l + 131531 - 11005. Is l composite?
False
Let u(h) = h**3 - 7*h**2 + 7*h + 8. Let v be u(6). Let i be 212/(-3)*105/v. Let x = 763 + i. Is x a prime number?
True
Let s be (-1)/(2/(-5189)) - 3/(-6). Suppose 0 = -5*v + 10*v - s. Is v prime?
False
Suppose 7*t = 16 - 2. Suppose 4*k - t*u = -u + 364, -u + 91 = k. Is k composite?
True
Suppose 0 = 8*x - 4*x - 3172. Let y = x + 102. Is y prime?
False
Is 691922/(-33)*3*(-3)/6 prime?
False
Is (2/4)/(4/47768) a prime number?
False
Suppose -6*s + 9*s = 9. Suppose -2*x - 211 = -s*x. Is x a prime number?
True
Let l(x) = -97*x - 150. Is l(-7) a composite number?
True
Suppose 2*a - 10 = 0, 117 + 312 = -4*l + a. Let h = l + 24. Let w = 15 - h. Is w a prime number?
True
Suppose -2*r + 11 = -5. Suppose r*f = 7*f + 5. Suppose f*d - 466 = 3*d. Is d composite?
False
Let n = -24 + -35. Let g = n - -31. Is (1 - g) + (-15)/5 a composite number?
True
Let s = 16574 - 7335. Is s prime?
True
Let q(f) = f**3 - 2*f**2 - 7*f + 1. Let p be q(6). Suppose -4*k + 3*n = 271, 0*n - 2*n + 274 = -4*k. Let r = p + k. Is r a composite number?
True
Suppose -2*u = 2*r - 18, 2*u + 25 = 4*r + 1. Let y = 10 - r. Is (-805)/(-4) + y/(-12) composite?
True
Is (-3)/(6/8) - 334510/(-110) prime?
True
Is (-8)/40 + 969876/30 a prime number?
False
Suppose -18*l - 45 = -15*l. Let x(s) = 8*s**2 - 19*s - 34. Is x(l) a composite number?
True
Suppose 0 = s - 5*r - 129, -2*s + 6*r = 3*r - 230. Let j = 94 + s. Is j composite?
True
Suppose -j + 0*j - u + 8884 = 0, 3*u - 8882 = -j. Is j prime?
False
Suppose -2*l - 22 = -2*g - 8, 3*g + l = 17. Let v be (-1)/(g/(-4))*-441. Let j = v - -713. Is j a composite number?
False
Suppose 2*p + 148 = 5*i, 5*i -